{"id":1976,"date":"2019-04-24T18:45:49","date_gmt":"2019-04-24T18:45:49","guid":{"rendered":"https:\/\/productionsdelaruelle.ca\/archives\/?page_id=1976"},"modified":"2020-03-13T13:59:15","modified_gmt":"2020-03-13T13:59:15","slug":"privacy","status":"publish","type":"page","link":"https:\/\/laruellefilms.com\/archives\/en\/privacy\/","title":{"rendered":"Privacy Policy"},"content":{"rendered":"\t\t<div data-elementor-type=\"wp-page\" data-elementor-id=\"1976\" class=\"elementor elementor-1976\" data-elementor-post-type=\"page\">\n\t\t\t\t\t\t<section class=\"elementor-section elementor-top-section elementor-element elementor-element-7604cd1 elementor-section-boxed elementor-section-height-default elementor-section-height-default\" data-id=\"7604cd1\" data-element_type=\"section\" data-e-type=\"section\">\n\t\t\t\t\t\t<div class=\"elementor-container elementor-column-gap-default\">\n\t\t\t\t\t<div class=\"elementor-column elementor-col-100 elementor-top-column elementor-element elementor-element-08004ab\" data-id=\"08004ab\" data-element_type=\"column\" data-e-type=\"column\">\n\t\t\t<div class=\"elementor-widget-wrap elementor-element-populated\">\n\t\t\t\t\t\t<div class=\"elementor-element elementor-element-13d51b6 elementor-widget elementor-widget-spacer\" data-id=\"13d51b6\" data-element_type=\"widget\" data-e-type=\"widget\" data-widget_type=\"spacer.default\">\n\t\t\t\t<div class=\"elementor-widget-container\">\n\t\t\t\t\t\t\t<div class=\"elementor-spacer\">\n\t\t\t<div class=\"elementor-spacer-inner\"><\/div>\n\t\t<\/div>\n\t\t\t\t\t\t<\/div>\n\t\t\t\t<\/div>\n\t\t\t\t<div class=\"elementor-element elementor-element-a85025e elementor-widget elementor-widget-heading\" data-id=\"a85025e\" data-element_type=\"widget\" data-e-type=\"widget\" data-widget_type=\"heading.default\">\n\t\t\t\t<div class=\"elementor-widget-container\">\n\t\t\t\t\t<h1 class=\"elementor-heading-title elementor-size-default\">Privacy policy<\/h1>\t\t\t\t<\/div>\n\t\t\t\t<\/div>\n\t\t\t\t<div class=\"elementor-element elementor-element-64a91f1 elementor-widget elementor-widget-text-editor\" data-id=\"64a91f1\" data-element_type=\"widget\" data-e-type=\"widget\" data-widget_type=\"text-editor.default\">\n\t\t\t\t<div class=\"elementor-widget-container\">\n\t\t\t\t\t\t\t\t\t<div><div><div><div><div><div><div><div><p><strong>La Ruelle<\/strong> s\u2019engage \u00e0 respecter votre vie priv\u00e9e. <strong>La Ruelle<\/strong>\u00a0est le seul propri\u00e9taire de l\u2019information recueillie sur ce site. Nous ne vendons et ne partageons pas vos informations personnelles \u00e0 des parties tierces ou autres de fa\u00e7on diff\u00e9rente de ce qui est communiqu\u00e9 dans ce document. Les renseignements que vous nous fournissez sont prot\u00e9g\u00e9s et ne peuvent \u00eatre accessibles \u00e0 une personne de l\u2019ext\u00e9rieur.<\/p><h2>Divulgation d\u2019informations personnelles<\/h2><p>Vous pouvez visiter ce site de mani\u00e8re anonyme en tout temps et sans nous r\u00e9v\u00e9ler d\u2019informations personnelles. Par contre, afin de participer \u00e0 la communaut\u00e9 de<b> La Ruelle Films<\/b>, vous devrez identifier (nom, courriel, etc.). Sachez qu\u2019en aucun moment ces renseignements ne seront partag\u00e9s \u00e0 des personnes de l\u2019ext\u00e9rieur.<\/p><h2>Liens<\/h2><p>Sur ce site, certains liens conduisent \u00e0 d\u2019autres sites Web qui ne font pas partie des sites que nous administrons. Tous les liens conduisant \u00e0 ces sites Web externes vous sont fournis que pour vous accommoder. Nous n\u2019avons pas le contr\u00f4le de la gestion de ces sites ou de leurs contenus. Nous n\u2019approuvons ni n\u2019endossons en aucune fa\u00e7on l\u2019information, les contenus ou tout autre mat\u00e9riel pr\u00e9sent\u00e9s par ces sites.<\/p><h2>Annonceurs<\/h2><p><strong>La Ruelle<\/strong> se r\u00e9serve le droit de faire\u00a0affaire avec <strong>Google AdSense<\/strong> pour afficher de la publicit\u00e9 sur le site. La publicit\u00e9 par <strong>Google Inc<\/strong> et ses soci\u00e9t\u00e9s affili\u00e9es peut \u00eatre contr\u00f4l\u00e9e en utilisant des cookies. Ces cookies permettent \u00e0 <strong>Google <\/strong>d\u2019afficher des annonces bas\u00e9es sur vos visites sur ce site Internet et sur d\u2019autres sites qui utilisent les services de publicit\u00e9 de <strong>Google<\/strong>. Pour en savoir plus sur cette pratique ou sur la possibilit\u00e9 d\u2019interdire l\u2019utilisation de ces donn\u00e9es par<strong> Google AdSense<\/strong>, vous pouvez visiter le lien suivant: <a href=\"http:\/\/www.google.com\/privacy_ads.html\" target=\"_blank\" rel=\"noopener\">Google Adsense<\/a>.<\/p><h2>Statistiques<\/h2><p><strong>Expo-67.ca<\/strong>\u00a0utilise <strong>Google Analytics<\/strong>, un service d\u2019analyse de site internet fourni par <strong>Google Inc<\/strong>. (\u00ab Google \u00bb). <strong>Google Analytics<\/strong> utilise des cookies , qui sont des fichiers texte plac\u00e9s sur votre ordinateur, pour aider le site internet \u00e0 analyser l\u2019utilisation du site par ses utilisateurs. Les donn\u00e9es g\u00e9n\u00e9r\u00e9es par les cookies concernant votre utilisation du site (y compris votre adresse IP) seront transmises et stock\u00e9es par <strong>Google <\/strong>sur des serveurs. <strong>Google<\/strong> utilisera cette information dans le but d\u2019\u00e9valuer votre utilisation du site, de compiler des rapports sur l\u2019activit\u00e9 du site \u00e0 destination de son \u00e9diteur et de fournir d\u2019autres services relatifs \u00e0 l\u2019activit\u00e9 du site et \u00e0 l\u2019utilisation d\u2019Internet. <strong>Google <\/strong>est susceptible de communiquer ces donn\u00e9es \u00e0 des tiers en cas d\u2019obligation l\u00e9gale ou lorsque ces tiers traitent ces donn\u00e9es pour le compte de <strong>Google<\/strong>, y compris notamment l\u2019\u00e9diteur de ce site. <strong>Google <\/strong>ne recoupera pas votre adresse IP avec toute autre donn\u00e9e d\u00e9tenue par <strong>Google<\/strong>. Vous pouvez d\u00e9sactiver l\u2019utilisation de cookies en s\u00e9lectionnant les param\u00e8tres appropri\u00e9s de votre navigateur. Cependant, une telle d\u00e9sactivation pourrait emp\u00eacher l\u2019utilisation de certaines fonctionnalit\u00e9s de ce site. En utilisant <strong>expo-67.ca<\/strong>, vous consentez express\u00e9ment au traitement de vos donn\u00e9es nominatives par <strong>Google <\/strong>dans les conditions et pour les finalit\u00e9s d\u00e9crites ci-dessus.<\/p><div><h2>Nous contacter<\/h2><\/div><div><p>Si vous aviez des questions sur cette politique de confidentialit\u00e9 ou sur ce site, SVP nous contacter au:<\/p><p>Productions de la ruelle<br \/>6010 2e avenue<br \/>Montr\u00e9al, Qc, H1Y 2Y9<br \/>Canada<\/p><p>T\u00e9l\u00e9phone: 514.899.0449<br \/>Courriel:\u00a0prod@productionsdelaruelle.com<\/p><\/div><\/div><\/div><\/div><\/div><\/div><\/div><\/div><\/div><div>\u00a0<\/div><div>\u00a0<\/div><div>\u00a0<\/div>\t\t\t\t\t\t\t\t<\/div>\n\t\t\t\t<\/div>\n\t\t\t\t<div class=\"elementor-element elementor-element-bd053ca elementor-widget elementor-widget-spacer\" data-id=\"bd053ca\" data-element_type=\"widget\" data-e-type=\"widget\" data-widget_type=\"spacer.default\">\n\t\t\t\t<div class=\"elementor-widget-container\">\n\t\t\t\t\t\t\t<div class=\"elementor-spacer\">\n\t\t\t<div class=\"elementor-spacer-inner\"><\/div>\n\t\t<\/div>\n\t\t\t\t\t\t<\/div>\n\t\t\t\t<\/div>\n\t\t\t\t\t<\/div>\n\t\t<\/div>\n\t\t\t\t\t<\/div>\n\t\t<\/section>\n\t\t\t\t<\/div>\n\t\t","protected":false},"excerpt":{"rendered":"<p>Privacy policy La Ruelle s\u2019engage \u00e0 respecter votre vie priv\u00e9e. La Ruelle\u00a0est le seul propri\u00e9taire de l\u2019information recueillie sur ce site. Nous ne vendons et ne partageons pas vos informations personnelles \u00e0 des parties tierces ou autres de fa\u00e7on diff\u00e9rente de ce qui est communiqu\u00e9 dans ce document. Les renseignements que vous nous fournissez sont [&hellip;]<\/p>\n","protected":false},"author":1,"featured_media":0,"parent":0,"menu_order":0,"comment_status":"closed","ping_status":"closed","template":"elementor_header_footer","meta":{"footnotes":""},"class_list":["post-1976","page","type-page","status-publish","hentry"],"yoast_head":"<!-- This site is optimized with the Yoast SEO plugin v27.2 - https:\/\/yoast.com\/product\/yoast-seo-wordpress\/ -->\n<title>Privacy Policy | La Ruelle<\/title>\n<meta name=\"robots\" content=\"index, follow, max-snippet:-1, max-image-preview:large, max-video-preview:-1\" \/>\n<link rel=\"canonical\" href=\"https:\/\/laruellefilms.com\/archives\/en\/privacy\/\" \/>\n<meta property=\"og:locale\" content=\"fr_FR\" \/>\n<meta property=\"og:type\" content=\"article\" \/>\n<meta property=\"og:title\" content=\"Privacy Policy | La Ruelle\" \/>\n<meta property=\"og:description\" content=\"Privacy policy La Ruelle s\u2019engage \u00e0 respecter votre vie priv\u00e9e. La Ruelle\u00a0est le seul propri\u00e9taire de l\u2019information recueillie sur ce site. Nous ne vendons et ne partageons pas vos informations personnelles \u00e0 des parties tierces ou autres de fa\u00e7on diff\u00e9rente de ce qui est communiqu\u00e9 dans ce document. Les renseignements que vous nous fournissez sont [&hellip;]\" \/>\n<meta property=\"og:url\" content=\"https:\/\/laruellefilms.com\/archives\/en\/privacy\/\" \/>\n<meta property=\"og:site_name\" content=\"La Ruelle\" \/>\n<meta property=\"article:publisher\" content=\"https:\/\/www.facebook.com\/laruellefilms\" \/>\n<meta property=\"article:modified_time\" content=\"2020-03-13T13:59:15+00:00\" \/>\n<meta name=\"twitter:card\" content=\"summary_large_image\" \/>\n<meta name=\"twitter:label1\" content=\"Dur\u00e9e de lecture estim\u00e9e\" \/>\n\t<meta name=\"twitter:data1\" content=\"3 minutes\" \/>\n<script type=\"application\/ld+json\" class=\"yoast-schema-graph\">{\"@context\":\"https:\/\/schema.org\",\"@graph\":[{\"@type\":\"WebPage\",\"@id\":\"https:\/\/laruellefilms.com\/archives\/en\/privacy\/\",\"url\":\"https:\/\/laruellefilms.com\/archives\/en\/privacy\/\",\"name\":\"Privacy Policy | La Ruelle\",\"isPartOf\":{\"@id\":\"https:\/\/laruellefilms.com\/archives\/#website\"},\"datePublished\":\"2019-04-24T18:45:49+00:00\",\"dateModified\":\"2020-03-13T13:59:15+00:00\",\"breadcrumb\":{\"@id\":\"https:\/\/laruellefilms.com\/archives\/en\/privacy\/#breadcrumb\"},\"inLanguage\":\"fr-FR\",\"potentialAction\":[{\"@type\":\"ReadAction\",\"target\":[\"https:\/\/laruellefilms.com\/archives\/en\/privacy\/\"]}]},{\"@type\":\"BreadcrumbList\",\"@id\":\"https:\/\/laruellefilms.com\/archives\/en\/privacy\/#breadcrumb\",\"itemListElement\":[{\"@type\":\"ListItem\",\"position\":1,\"name\":\"Home\",\"item\":\"https:\/\/laruellefilms.com\/archives\/\"},{\"@type\":\"ListItem\",\"position\":2,\"name\":\"Privacy Policy\"}]},{\"@type\":\"WebSite\",\"@id\":\"https:\/\/laruellefilms.com\/archives\/#website\",\"url\":\"https:\/\/laruellefilms.com\/archives\/\",\"name\":\"La Ruelle\",\"description\":\"\",\"publisher\":{\"@id\":\"https:\/\/laruellefilms.com\/archives\/#organization\"},\"potentialAction\":[{\"@type\":\"SearchAction\",\"target\":{\"@type\":\"EntryPoint\",\"urlTemplate\":\"https:\/\/laruellefilms.com\/archives\/?s={search_term_string}\"},\"query-input\":{\"@type\":\"PropertyValueSpecification\",\"valueRequired\":true,\"valueName\":\"search_term_string\"}}],\"inLanguage\":\"fr-FR\"},{\"@type\":\"Organization\",\"@id\":\"https:\/\/laruellefilms.com\/archives\/#organization\",\"name\":\"La Ruelle Films\",\"url\":\"https:\/\/laruellefilms.com\/archives\/\",\"logo\":{\"@type\":\"ImageObject\",\"inLanguage\":\"fr-FR\",\"@id\":\"https:\/\/laruellefilms.com\/archives\/#\/schema\/logo\/image\/\",\"url\":\"https:\/\/laruellefilms.com\/archives\/wp-content\/uploads\/Logo_LA_RUELLE_SEUL_NOIRFilm-1.png\",\"contentUrl\":\"https:\/\/laruellefilms.com\/archives\/wp-content\/uploads\/Logo_LA_RUELLE_SEUL_NOIRFilm-1.png\",\"width\":6480,\"height\":2772,\"caption\":\"La Ruelle Films\"},\"image\":{\"@id\":\"https:\/\/laruellefilms.com\/archives\/#\/schema\/logo\/image\/\"},\"sameAs\":[\"https:\/\/www.facebook.com\/laruellefilms\",\"https:\/\/www.youtube.com\/user\/productiondelaruelle\"]}]}<\/script>\n<!-- \/ Yoast SEO plugin. -->","yoast_head_json":{"title":"Privacy Policy | La Ruelle","robots":{"index":"index","follow":"follow","max-snippet":"max-snippet:-1","max-image-preview":"max-image-preview:large","max-video-preview":"max-video-preview:-1"},"canonical":"https:\/\/laruellefilms.com\/archives\/en\/privacy\/","og_locale":"fr_FR","og_type":"article","og_title":"Privacy Policy | La Ruelle","og_description":"Privacy policy La Ruelle s\u2019engage \u00e0 respecter votre vie priv\u00e9e. La Ruelle\u00a0est le seul propri\u00e9taire de l\u2019information recueillie sur ce site. Nous ne vendons et ne partageons pas vos informations personnelles \u00e0 des parties tierces ou autres de fa\u00e7on diff\u00e9rente de ce qui est communiqu\u00e9 dans ce document. Les renseignements que vous nous fournissez sont [&hellip;]","og_url":"https:\/\/laruellefilms.com\/archives\/en\/privacy\/","og_site_name":"La Ruelle","article_publisher":"https:\/\/www.facebook.com\/laruellefilms","article_modified_time":"2020-03-13T13:59:15+00:00","twitter_card":"summary_large_image","twitter_misc":{"Dur\u00e9e de lecture estim\u00e9e":"3 minutes"},"schema":{"@context":"https:\/\/schema.org","@graph":[{"@type":"WebPage","@id":"https:\/\/laruellefilms.com\/archives\/en\/privacy\/","url":"https:\/\/laruellefilms.com\/archives\/en\/privacy\/","name":"Privacy Policy | La Ruelle","isPartOf":{"@id":"https:\/\/laruellefilms.com\/archives\/#website"},"datePublished":"2019-04-24T18:45:49+00:00","dateModified":"2020-03-13T13:59:15+00:00","breadcrumb":{"@id":"https:\/\/laruellefilms.com\/archives\/en\/privacy\/#breadcrumb"},"inLanguage":"fr-FR","potentialAction":[{"@type":"ReadAction","target":["https:\/\/laruellefilms.com\/archives\/en\/privacy\/"]}]},{"@type":"BreadcrumbList","@id":"https:\/\/laruellefilms.com\/archives\/en\/privacy\/#breadcrumb","itemListElement":[{"@type":"ListItem","position":1,"name":"Home","item":"https:\/\/laruellefilms.com\/archives\/"},{"@type":"ListItem","position":2,"name":"Privacy Policy"}]},{"@type":"WebSite","@id":"https:\/\/laruellefilms.com\/archives\/#website","url":"https:\/\/laruellefilms.com\/archives\/","name":"La Ruelle","description":"","publisher":{"@id":"https:\/\/laruellefilms.com\/archives\/#organization"},"potentialAction":[{"@type":"SearchAction","target":{"@type":"EntryPoint","urlTemplate":"https:\/\/laruellefilms.com\/archives\/?s={search_term_string}"},"query-input":{"@type":"PropertyValueSpecification","valueRequired":true,"valueName":"search_term_string"}}],"inLanguage":"fr-FR"},{"@type":"Organization","@id":"https:\/\/laruellefilms.com\/archives\/#organization","name":"La Ruelle Films","url":"https:\/\/laruellefilms.com\/archives\/","logo":{"@type":"ImageObject","inLanguage":"fr-FR","@id":"https:\/\/laruellefilms.com\/archives\/#\/schema\/logo\/image\/","url":"https:\/\/laruellefilms.com\/archives\/wp-content\/uploads\/Logo_LA_RUELLE_SEUL_NOIRFilm-1.png","contentUrl":"https:\/\/laruellefilms.com\/archives\/wp-content\/uploads\/Logo_LA_RUELLE_SEUL_NOIRFilm-1.png","width":6480,"height":2772,"caption":"La Ruelle Films"},"image":{"@id":"https:\/\/laruellefilms.com\/archives\/#\/schema\/logo\/image\/"},"sameAs":["https:\/\/www.facebook.com\/laruellefilms","https:\/\/www.youtube.com\/user\/productiondelaruelle"]}]}},"_links":{"self":[{"href":"https:\/\/laruellefilms.com\/archives\/wp-json\/wp\/v2\/pages\/1976","targetHints":{"allow":["GET"]}}],"collection":[{"href":"https:\/\/laruellefilms.com\/archives\/wp-json\/wp\/v2\/pages"}],"about":[{"href":"https:\/\/laruellefilms.com\/archives\/wp-json\/wp\/v2\/types\/page"}],"author":[{"embeddable":true,"href":"https:\/\/laruellefilms.com\/archives\/wp-json\/wp\/v2\/users\/1"}],"replies":[{"embeddable":true,"href":"https:\/\/laruellefilms.com\/archives\/wp-json\/wp\/v2\/comments?post=1976"}],"version-history":[{"count":7,"href":"https:\/\/laruellefilms.com\/archives\/wp-json\/wp\/v2\/pages\/1976\/revisions"}],"predecessor-version":[{"id":3748,"href":"https:\/\/laruellefilms.com\/archives\/wp-json\/wp\/v2\/pages\/1976\/revisions\/3748"}],"wp:attachment":[{"href":"https:\/\/laruellefilms.com\/archives\/wp-json\/wp\/v2\/media?parent=1976"}],"curies":[{"name":"wp","href":"https:\/\/api.w.org\/{rel}","templated":true}]}}