{"id":4034,"date":"2020-03-04T19:41:33","date_gmt":"2020-03-04T19:41:33","guid":{"rendered":"https:\/\/productionsdelaruelle.ca\/archives\/?post_type=product&#038;p=4034"},"modified":"2022-12-22T22:46:42","modified_gmt":"2022-12-22T22:46:42","slug":"les-etats-desunis-du-canada-les-mouvements-separatistes-hors-quebec-2","status":"publish","type":"product","link":"https:\/\/laruellefilms.com\/archives\/en\/product\/les-etats-desunis-du-canada-les-mouvements-separatistes-hors-quebec-2\/","title":{"rendered":"Les \u00c9tats-D\u00e9sunis du Canada: Les mouvements s\u00e9paratistes hors Qu\u00e9bec"},"content":{"rendered":"","protected":false},"excerpt":{"rendered":"<h6>A book *IN FRENCH ONLY* inspired by thought-provoking documentary, in which Guylaine Maroist meets with dedicated English Canadian Separatists, politicians, university professors and ordinary citizens who want to reshape Canada. These men and women, whom we never hear of in the media, express a general malaise from coast to coast and make us examine fundamental questions about our country. What is a country? What is a nation? And what about Quebec?<\/h6>\n","protected":false},"featured_media":3047,"template":"","meta":[],"product_brand":[],"product_cat":[131],"product_tag":[306,309,312,315],"class_list":{"0":"post-4034","1":"product","2":"type-product","3":"status-publish","4":"has-post-thumbnail","6":"product_cat-book","7":"product_tag-confederation-canadienne-en","8":"product_tag-independance-en","9":"product_tag-livre-en","10":"product_tag-mathieu-robert-sauve-en","11":"product_shipping_class-paquet-livre-en","13":"first","14":"instock","15":"taxable","16":"shipping-taxable","17":"purchasable","18":"product-type-simple"},"yoast_head":"<!-- This site is optimized with the Yoast SEO plugin v27.2 - https:\/\/yoast.com\/product\/yoast-seo-wordpress\/ -->\n<title>Buy the book (FR) from the film Disunited States of Canada<\/title>\n<meta name=\"description\" content=\"Read the book inspired by the film: Les \u00c9tats-D\u00e9sunis du Canada \u2013 Les Mouvements s\u00e9paratistes hors Qu\u00e9bec by Guylaine Maroist and Mathieu-Robert Sauv\u00e9.\" \/>\n<meta name=\"robots\" content=\"index, follow, max-snippet:-1, max-image-preview:large, max-video-preview:-1\" \/>\n<link rel=\"canonical\" href=\"https:\/\/laruellefilms.com\/archives\/en\/product\/les-etats-desunis-du-canada-les-mouvements-separatistes-hors-quebec-2\/\" \/>\n<meta property=\"og:locale\" content=\"fr_FR\" \/>\n<meta property=\"og:type\" content=\"article\" \/>\n<meta property=\"og:title\" content=\"Buy the book (FR) from the film Disunited States of Canada\" \/>\n<meta property=\"og:description\" content=\"Read the book inspired by the film: Les \u00c9tats-D\u00e9sunis du Canada \u2013 Les Mouvements s\u00e9paratistes hors Qu\u00e9bec by Guylaine Maroist and Mathieu-Robert Sauv\u00e9.\" \/>\n<meta property=\"og:url\" content=\"https:\/\/laruellefilms.com\/archives\/en\/product\/les-etats-desunis-du-canada-les-mouvements-separatistes-hors-quebec-2\/\" \/>\n<meta property=\"og:site_name\" content=\"La Ruelle\" \/>\n<meta property=\"article:publisher\" content=\"https:\/\/www.facebook.com\/laruellefilms\" \/>\n<meta property=\"article:modified_time\" content=\"2022-12-22T22:46:42+00:00\" \/>\n<meta property=\"og:image\" content=\"https:\/\/laruellefilms.com\/archives\/wp-content\/uploads\/Livre_Les-Etats-Desunis-du-Canada.jpg\" \/>\n\t<meta property=\"og:image:width\" content=\"790\" \/>\n\t<meta property=\"og:image:height\" content=\"790\" \/>\n\t<meta property=\"og:image:type\" content=\"image\/jpeg\" \/>\n<meta name=\"twitter:card\" content=\"summary_large_image\" \/>\n<script type=\"application\/ld+json\" class=\"yoast-schema-graph\">{\"@context\":\"https:\/\/schema.org\",\"@graph\":[{\"@type\":\"WebPage\",\"@id\":\"https:\/\/laruellefilms.com\/archives\/en\/product\/les-etats-desunis-du-canada-les-mouvements-separatistes-hors-quebec-2\/\",\"url\":\"https:\/\/laruellefilms.com\/archives\/en\/product\/les-etats-desunis-du-canada-les-mouvements-separatistes-hors-quebec-2\/\",\"name\":\"Buy the book (FR) from the film Disunited States of Canada\",\"isPartOf\":{\"@id\":\"https:\/\/laruellefilms.com\/archives\/#website\"},\"primaryImageOfPage\":{\"@id\":\"https:\/\/laruellefilms.com\/archives\/en\/product\/les-etats-desunis-du-canada-les-mouvements-separatistes-hors-quebec-2\/#primaryimage\"},\"image\":{\"@id\":\"https:\/\/laruellefilms.com\/archives\/en\/product\/les-etats-desunis-du-canada-les-mouvements-separatistes-hors-quebec-2\/#primaryimage\"},\"thumbnailUrl\":\"https:\/\/laruellefilms.com\/archives\/wp-content\/uploads\/Livre_Les-Etats-Desunis-du-Canada.jpg\",\"datePublished\":\"2020-03-04T19:41:33+00:00\",\"dateModified\":\"2022-12-22T22:46:42+00:00\",\"description\":\"Read the book inspired by the film: Les \u00c9tats-D\u00e9sunis du Canada \u2013 Les Mouvements s\u00e9paratistes hors Qu\u00e9bec by Guylaine Maroist and Mathieu-Robert Sauv\u00e9.\",\"breadcrumb\":{\"@id\":\"https:\/\/laruellefilms.com\/archives\/en\/product\/les-etats-desunis-du-canada-les-mouvements-separatistes-hors-quebec-2\/#breadcrumb\"},\"inLanguage\":\"fr-FR\",\"potentialAction\":[{\"@type\":\"ReadAction\",\"target\":[\"https:\/\/laruellefilms.com\/archives\/en\/product\/les-etats-desunis-du-canada-les-mouvements-separatistes-hors-quebec-2\/\"]}]},{\"@type\":\"ImageObject\",\"inLanguage\":\"fr-FR\",\"@id\":\"https:\/\/laruellefilms.com\/archives\/en\/product\/les-etats-desunis-du-canada-les-mouvements-separatistes-hors-quebec-2\/#primaryimage\",\"url\":\"https:\/\/laruellefilms.com\/archives\/wp-content\/uploads\/Livre_Les-Etats-Desunis-du-Canada.jpg\",\"contentUrl\":\"https:\/\/laruellefilms.com\/archives\/wp-content\/uploads\/Livre_Les-Etats-Desunis-du-Canada.jpg\",\"width\":790,\"height\":790,\"caption\":\"Les \u00c9tats-D\u00e9sunis du Canada\"},{\"@type\":\"BreadcrumbList\",\"@id\":\"https:\/\/laruellefilms.com\/archives\/en\/product\/les-etats-desunis-du-canada-les-mouvements-separatistes-hors-quebec-2\/#breadcrumb\",\"itemListElement\":[{\"@type\":\"ListItem\",\"position\":1,\"name\":\"Home\",\"item\":\"https:\/\/laruellefilms.com\/archives\/\"},{\"@type\":\"ListItem\",\"position\":2,\"name\":\"Boutique\",\"item\":\"https:\/\/laruellefilms.com\/archives\/boutique\/\"},{\"@type\":\"ListItem\",\"position\":3,\"name\":\"Les \u00c9tats-D\u00e9sunis du Canada: Les mouvements s\u00e9paratistes hors Qu\u00e9bec\"}]},{\"@type\":\"WebSite\",\"@id\":\"https:\/\/laruellefilms.com\/archives\/#website\",\"url\":\"https:\/\/laruellefilms.com\/archives\/\",\"name\":\"La Ruelle\",\"description\":\"\",\"publisher\":{\"@id\":\"https:\/\/laruellefilms.com\/archives\/#organization\"},\"potentialAction\":[{\"@type\":\"SearchAction\",\"target\":{\"@type\":\"EntryPoint\",\"urlTemplate\":\"https:\/\/laruellefilms.com\/archives\/?s={search_term_string}\"},\"query-input\":{\"@type\":\"PropertyValueSpecification\",\"valueRequired\":true,\"valueName\":\"search_term_string\"}}],\"inLanguage\":\"fr-FR\"},{\"@type\":\"Organization\",\"@id\":\"https:\/\/laruellefilms.com\/archives\/#organization\",\"name\":\"La Ruelle Films\",\"url\":\"https:\/\/laruellefilms.com\/archives\/\",\"logo\":{\"@type\":\"ImageObject\",\"inLanguage\":\"fr-FR\",\"@id\":\"https:\/\/laruellefilms.com\/archives\/#\/schema\/logo\/image\/\",\"url\":\"https:\/\/laruellefilms.com\/archives\/wp-content\/uploads\/Logo_LA_RUELLE_SEUL_NOIRFilm-1.png\",\"contentUrl\":\"https:\/\/laruellefilms.com\/archives\/wp-content\/uploads\/Logo_LA_RUELLE_SEUL_NOIRFilm-1.png\",\"width\":6480,\"height\":2772,\"caption\":\"La Ruelle Films\"},\"image\":{\"@id\":\"https:\/\/laruellefilms.com\/archives\/#\/schema\/logo\/image\/\"},\"sameAs\":[\"https:\/\/www.facebook.com\/laruellefilms\",\"https:\/\/www.youtube.com\/user\/productiondelaruelle\"]}]}<\/script>\n<!-- \/ Yoast SEO plugin. -->","yoast_head_json":{"title":"Buy the book (FR) from the film Disunited States of Canada","description":"Read the book inspired by the film: Les \u00c9tats-D\u00e9sunis du Canada \u2013 Les Mouvements s\u00e9paratistes hors Qu\u00e9bec by Guylaine Maroist and Mathieu-Robert Sauv\u00e9.","robots":{"index":"index","follow":"follow","max-snippet":"max-snippet:-1","max-image-preview":"max-image-preview:large","max-video-preview":"max-video-preview:-1"},"canonical":"https:\/\/laruellefilms.com\/archives\/en\/product\/les-etats-desunis-du-canada-les-mouvements-separatistes-hors-quebec-2\/","og_locale":"fr_FR","og_type":"article","og_title":"Buy the book (FR) from the film Disunited States of Canada","og_description":"Read the book inspired by the film: Les \u00c9tats-D\u00e9sunis du Canada \u2013 Les Mouvements s\u00e9paratistes hors Qu\u00e9bec by Guylaine Maroist and Mathieu-Robert Sauv\u00e9.","og_url":"https:\/\/laruellefilms.com\/archives\/en\/product\/les-etats-desunis-du-canada-les-mouvements-separatistes-hors-quebec-2\/","og_site_name":"La Ruelle","article_publisher":"https:\/\/www.facebook.com\/laruellefilms","article_modified_time":"2022-12-22T22:46:42+00:00","og_image":[{"width":790,"height":790,"url":"https:\/\/laruellefilms.com\/archives\/wp-content\/uploads\/Livre_Les-Etats-Desunis-du-Canada.jpg","type":"image\/jpeg"}],"twitter_card":"summary_large_image","schema":{"@context":"https:\/\/schema.org","@graph":[{"@type":"WebPage","@id":"https:\/\/laruellefilms.com\/archives\/en\/product\/les-etats-desunis-du-canada-les-mouvements-separatistes-hors-quebec-2\/","url":"https:\/\/laruellefilms.com\/archives\/en\/product\/les-etats-desunis-du-canada-les-mouvements-separatistes-hors-quebec-2\/","name":"Buy the book (FR) from the film Disunited States of Canada","isPartOf":{"@id":"https:\/\/laruellefilms.com\/archives\/#website"},"primaryImageOfPage":{"@id":"https:\/\/laruellefilms.com\/archives\/en\/product\/les-etats-desunis-du-canada-les-mouvements-separatistes-hors-quebec-2\/#primaryimage"},"image":{"@id":"https:\/\/laruellefilms.com\/archives\/en\/product\/les-etats-desunis-du-canada-les-mouvements-separatistes-hors-quebec-2\/#primaryimage"},"thumbnailUrl":"https:\/\/laruellefilms.com\/archives\/wp-content\/uploads\/Livre_Les-Etats-Desunis-du-Canada.jpg","datePublished":"2020-03-04T19:41:33+00:00","dateModified":"2022-12-22T22:46:42+00:00","description":"Read the book inspired by the film: Les \u00c9tats-D\u00e9sunis du Canada \u2013 Les Mouvements s\u00e9paratistes hors Qu\u00e9bec by Guylaine Maroist and Mathieu-Robert Sauv\u00e9.","breadcrumb":{"@id":"https:\/\/laruellefilms.com\/archives\/en\/product\/les-etats-desunis-du-canada-les-mouvements-separatistes-hors-quebec-2\/#breadcrumb"},"inLanguage":"fr-FR","potentialAction":[{"@type":"ReadAction","target":["https:\/\/laruellefilms.com\/archives\/en\/product\/les-etats-desunis-du-canada-les-mouvements-separatistes-hors-quebec-2\/"]}]},{"@type":"ImageObject","inLanguage":"fr-FR","@id":"https:\/\/laruellefilms.com\/archives\/en\/product\/les-etats-desunis-du-canada-les-mouvements-separatistes-hors-quebec-2\/#primaryimage","url":"https:\/\/laruellefilms.com\/archives\/wp-content\/uploads\/Livre_Les-Etats-Desunis-du-Canada.jpg","contentUrl":"https:\/\/laruellefilms.com\/archives\/wp-content\/uploads\/Livre_Les-Etats-Desunis-du-Canada.jpg","width":790,"height":790,"caption":"Les \u00c9tats-D\u00e9sunis du Canada"},{"@type":"BreadcrumbList","@id":"https:\/\/laruellefilms.com\/archives\/en\/product\/les-etats-desunis-du-canada-les-mouvements-separatistes-hors-quebec-2\/#breadcrumb","itemListElement":[{"@type":"ListItem","position":1,"name":"Home","item":"https:\/\/laruellefilms.com\/archives\/"},{"@type":"ListItem","position":2,"name":"Boutique","item":"https:\/\/laruellefilms.com\/archives\/boutique\/"},{"@type":"ListItem","position":3,"name":"Les \u00c9tats-D\u00e9sunis du Canada: Les mouvements s\u00e9paratistes hors Qu\u00e9bec"}]},{"@type":"WebSite","@id":"https:\/\/laruellefilms.com\/archives\/#website","url":"https:\/\/laruellefilms.com\/archives\/","name":"La Ruelle","description":"","publisher":{"@id":"https:\/\/laruellefilms.com\/archives\/#organization"},"potentialAction":[{"@type":"SearchAction","target":{"@type":"EntryPoint","urlTemplate":"https:\/\/laruellefilms.com\/archives\/?s={search_term_string}"},"query-input":{"@type":"PropertyValueSpecification","valueRequired":true,"valueName":"search_term_string"}}],"inLanguage":"fr-FR"},{"@type":"Organization","@id":"https:\/\/laruellefilms.com\/archives\/#organization","name":"La Ruelle Films","url":"https:\/\/laruellefilms.com\/archives\/","logo":{"@type":"ImageObject","inLanguage":"fr-FR","@id":"https:\/\/laruellefilms.com\/archives\/#\/schema\/logo\/image\/","url":"https:\/\/laruellefilms.com\/archives\/wp-content\/uploads\/Logo_LA_RUELLE_SEUL_NOIRFilm-1.png","contentUrl":"https:\/\/laruellefilms.com\/archives\/wp-content\/uploads\/Logo_LA_RUELLE_SEUL_NOIRFilm-1.png","width":6480,"height":2772,"caption":"La Ruelle Films"},"image":{"@id":"https:\/\/laruellefilms.com\/archives\/#\/schema\/logo\/image\/"},"sameAs":["https:\/\/www.facebook.com\/laruellefilms","https:\/\/www.youtube.com\/user\/productiondelaruelle"]}]}},"_links":{"self":[{"href":"https:\/\/laruellefilms.com\/archives\/wp-json\/wp\/v2\/product\/4034","targetHints":{"allow":["GET"]}}],"collection":[{"href":"https:\/\/laruellefilms.com\/archives\/wp-json\/wp\/v2\/product"}],"about":[{"href":"https:\/\/laruellefilms.com\/archives\/wp-json\/wp\/v2\/types\/product"}],"version-history":[{"count":5,"href":"https:\/\/laruellefilms.com\/archives\/wp-json\/wp\/v2\/product\/4034\/revisions"}],"predecessor-version":[{"id":6380,"href":"https:\/\/laruellefilms.com\/archives\/wp-json\/wp\/v2\/product\/4034\/revisions\/6380"}],"wp:featuredmedia":[{"embeddable":true,"href":"https:\/\/laruellefilms.com\/archives\/wp-json\/wp\/v2\/media\/3047"}],"wp:attachment":[{"href":"https:\/\/laruellefilms.com\/archives\/wp-json\/wp\/v2\/media?parent=4034"}],"wp:term":[{"taxonomy":"product_brand","embeddable":true,"href":"https:\/\/laruellefilms.com\/archives\/wp-json\/wp\/v2\/product_brand?post=4034"},{"taxonomy":"product_cat","embeddable":true,"href":"https:\/\/laruellefilms.com\/archives\/wp-json\/wp\/v2\/product_cat?post=4034"},{"taxonomy":"product_tag","embeddable":true,"href":"https:\/\/laruellefilms.com\/archives\/wp-json\/wp\/v2\/product_tag?post=4034"}],"curies":[{"name":"wp","href":"https:\/\/api.w.org\/{rel}","templated":true}]}}