{"id":9019,"date":"2022-11-16T17:41:04","date_gmt":"2022-11-16T17:41:04","guid":{"rendered":"https:\/\/laruellefilms.com\/archives\/?post_type=product&#038;p=9019"},"modified":"2024-10-15T20:56:52","modified_gmt":"2024-10-15T20:56:52","slug":"jvss-blu-ray","status":"publish","type":"product","link":"https:\/\/laruellefilms.com\/archives\/product\/jvss-blu-ray\/","title":{"rendered":"Je vous salue salope [Blu-Ray]"},"content":{"rendered":"\t\t<div data-elementor-type=\"product-post\" data-elementor-id=\"9019\" class=\"elementor elementor-9019\" data-elementor-post-type=\"product\">\n\t\t\t\t\t\t<section class=\"elementor-section elementor-top-section elementor-element elementor-element-3135f46 elementor-section-boxed elementor-section-height-default elementor-section-height-default\" data-id=\"3135f46\" data-element_type=\"section\" data-e-type=\"section\">\n\t\t\t\t\t\t<div class=\"elementor-container elementor-column-gap-default\">\n\t\t\t\t\t<div class=\"elementor-column elementor-col-100 elementor-top-column elementor-element elementor-element-dbdc4ee\" data-id=\"dbdc4ee\" data-element_type=\"column\" data-e-type=\"column\">\n\t\t\t<div class=\"elementor-widget-wrap elementor-element-populated\">\n\t\t\t\t\t\t<div class=\"elementor-element elementor-element-027c2b7 elementor-widget elementor-widget-text-editor\" data-id=\"027c2b7\" data-element_type=\"widget\" data-e-type=\"widget\" data-widget_type=\"text-editor.default\">\n\t\t\t\t<div class=\"elementor-widget-container\">\n\t\t\t\t\t\t\t\t\t<p>\u2606\u2606\u2606\u2606 \u2013\u00a0<a href=\"https:\/\/jevoussaluesalope-film.com\/je-vous-salue-salope-fleau-beaucoup-plus-que-virtuel\/\" target=\"_blank\" rel=\"noopener\">Genevi\u00e8ve Bouchard, Le Soleil<\/a><br \/>\u00ab Une atmosph\u00e8re de dystopie pourtant r\u00e9elle. \u00bb \u2013\u00a0<a href=\"https:\/\/jevoussaluesalope-film.com\/engluees-dans-la-toile-numerique\/\" target=\"_blank\" rel=\"noopener\">Odile Tremblay, Le Devoir<\/a><br \/>\u00ab Un r\u00e9cit poignant \u00bb \u2013\u00a0<a href=\"https:\/\/jevoussaluesalope-film.com\/je-vous-salue-salope-elles-vivent-comme-dans-un-film-dhorreur\/\" target=\"_blank\" rel=\"noopener\">Annabelle Caillou, Le Devoir<\/a><br \/>\u00ab Un film choral, mont\u00e9 comme un thriller, engag\u00e9 de surcro\u00eet. \u00bb \u2013 Silvia Galipeau, La Presse<\/p>\t\t\t\t\t\t\t\t<\/div>\n\t\t\t\t<\/div>\n\t\t\t\t\t<\/div>\n\t\t<\/div>\n\t\t\t\t\t<\/div>\n\t\t<\/section>\n\t\t\t\t<\/div>\n\t\t","protected":false},"excerpt":{"rendered":"<p><strong>Le film documentaire de l&rsquo;ann\u00e9e, enfin en Blu-ray!<\/strong><\/p>\n<p class=\"par\">Un film de Guylaine Maroist et L\u00e9a Clermont-Dion<br \/>\nVersion originale du film &#8211; 80 minutes, Version fran\u00e7aise<\/p>\n<p class=\"par\"><strong><a href=\"https:\/\/jevoussaluesalope-film.com\">Je vous salue salope<\/a>\u00a0nous plonge dans une histoire chorale chavirante o\u00f9 s\u2019entrem\u00ealent les destins de femmes de t\u00eates assaillies par la meute en ligne. La volont\u00e9 est commune: ne plus se taire.<br \/>\n<\/strong><\/p>\n[embed]https:\/\/youtu.be\/tdZI7h5-KUg?si=b6WHgXvIrghhpVQN[\/embed]\n","protected":false},"featured_media":9734,"template":"","meta":[],"product_brand":[],"product_cat":[65],"product_tag":[721,666,656,658,662,698,648,660],"class_list":{"0":"post-9019","1":"product","2":"type-product","3":"status-publish","4":"has-post-thumbnail","6":"product_cat-film_fr","7":"product_tag-bluray","8":"product_tag-cadeau-feministe","9":"product_tag-documentaire-lea-clermont-dion","10":"product_tag-documentaire-misogynie-en-ligne","11":"product_tag-dvd-je-vous-salue-salope","12":"product_tag-film-lea-clermont-dion","13":"product_tag-je-vous-salue-salope","14":"product_tag-misogynie-en-ligne","15":"product_shipping_class-paquet-1film-fr","17":"first","18":"instock","19":"sale","20":"featured","21":"taxable","22":"shipping-taxable","23":"purchasable","24":"product-type-simple"},"yoast_head":"<!-- This site is optimized with the Yoast SEO plugin v27.2 - https:\/\/yoast.com\/product\/yoast-seo-wordpress\/ -->\n<title>Je vous salue salope [Blu-Ray] | La Ruelle<\/title>\n<meta name=\"description\" content=\"Le film documentaire de l&#039;ann\u00e9e, Je vous salue salope de L\u00e9a Clermont-Dion et Guylaine Maroist, est enfin disponible en DVD, Blu-ray et vid\u00e9o sur demande !\" \/>\n<meta name=\"robots\" content=\"index, follow, max-snippet:-1, max-image-preview:large, max-video-preview:-1\" \/>\n<link rel=\"canonical\" href=\"https:\/\/laruellefilms.com\/archives\/product\/jvss-blu-ray\/\" \/>\n<meta property=\"og:locale\" content=\"fr_FR\" \/>\n<meta property=\"og:type\" content=\"article\" \/>\n<meta property=\"og:title\" content=\"Je vous salue salope [Blu-Ray] | La Ruelle\" \/>\n<meta property=\"og:description\" content=\"Le film documentaire de l&#039;ann\u00e9e, Je vous salue salope de L\u00e9a Clermont-Dion et Guylaine Maroist, est enfin disponible en DVD, Blu-ray et vid\u00e9o sur demande !\" \/>\n<meta property=\"og:url\" content=\"https:\/\/laruellefilms.com\/archives\/product\/jvss-blu-ray\/\" \/>\n<meta property=\"og:site_name\" content=\"La Ruelle\" \/>\n<meta property=\"article:publisher\" content=\"https:\/\/www.facebook.com\/laruellefilms\" \/>\n<meta property=\"article:modified_time\" content=\"2024-10-15T20:56:52+00:00\" \/>\n<meta property=\"og:image\" content=\"https:\/\/laruellefilms.com\/archives\/wp-content\/uploads\/JeVousSalueSalopeFilmBR-1.png\" \/>\n\t<meta property=\"og:image:width\" content=\"1080\" \/>\n\t<meta property=\"og:image:height\" content=\"1080\" \/>\n\t<meta property=\"og:image:type\" content=\"image\/png\" \/>\n<meta name=\"twitter:card\" content=\"summary_large_image\" \/>\n<meta name=\"twitter:label1\" content=\"Dur\u00e9e de lecture estim\u00e9e\" \/>\n\t<meta name=\"twitter:data1\" content=\"1 minute\" \/>\n<script type=\"application\/ld+json\" class=\"yoast-schema-graph\">{\"@context\":\"https:\/\/schema.org\",\"@graph\":[{\"@type\":\"WebPage\",\"@id\":\"https:\/\/laruellefilms.com\/archives\/product\/jvss-blu-ray\/\",\"url\":\"https:\/\/laruellefilms.com\/archives\/product\/jvss-blu-ray\/\",\"name\":\"Je vous salue salope [Blu-Ray] | La Ruelle\",\"isPartOf\":{\"@id\":\"https:\/\/laruellefilms.com\/archives\/#website\"},\"primaryImageOfPage\":{\"@id\":\"https:\/\/laruellefilms.com\/archives\/product\/jvss-blu-ray\/#primaryimage\"},\"image\":{\"@id\":\"https:\/\/laruellefilms.com\/archives\/product\/jvss-blu-ray\/#primaryimage\"},\"thumbnailUrl\":\"https:\/\/laruellefilms.com\/archives\/wp-content\/uploads\/JeVousSalueSalopeFilmBR-1.png\",\"datePublished\":\"2022-11-16T17:41:04+00:00\",\"dateModified\":\"2024-10-15T20:56:52+00:00\",\"description\":\"Le film documentaire de l'ann\u00e9e, Je vous salue salope de L\u00e9a Clermont-Dion et Guylaine Maroist, est enfin disponible en DVD, Blu-ray et vid\u00e9o sur demande !\",\"breadcrumb\":{\"@id\":\"https:\/\/laruellefilms.com\/archives\/product\/jvss-blu-ray\/#breadcrumb\"},\"inLanguage\":\"fr-FR\",\"potentialAction\":[{\"@type\":\"ReadAction\",\"target\":[\"https:\/\/laruellefilms.com\/archives\/product\/jvss-blu-ray\/\"]}]},{\"@type\":\"ImageObject\",\"inLanguage\":\"fr-FR\",\"@id\":\"https:\/\/laruellefilms.com\/archives\/product\/jvss-blu-ray\/#primaryimage\",\"url\":\"https:\/\/laruellefilms.com\/archives\/wp-content\/uploads\/JeVousSalueSalopeFilmBR-1.png\",\"contentUrl\":\"https:\/\/laruellefilms.com\/archives\/wp-content\/uploads\/JeVousSalueSalopeFilmBR-1.png\",\"width\":1080,\"height\":1080,\"caption\":\"Je vous salue salope, le film\"},{\"@type\":\"BreadcrumbList\",\"@id\":\"https:\/\/laruellefilms.com\/archives\/product\/jvss-blu-ray\/#breadcrumb\",\"itemListElement\":[{\"@type\":\"ListItem\",\"position\":1,\"name\":\"Home\",\"item\":\"https:\/\/laruellefilms.com\/archives\/\"},{\"@type\":\"ListItem\",\"position\":2,\"name\":\"Boutique\",\"item\":\"https:\/\/laruellefilms.com\/archives\/boutique\/\"},{\"@type\":\"ListItem\",\"position\":3,\"name\":\"Je vous salue salope [Blu-Ray]\"}]},{\"@type\":\"WebSite\",\"@id\":\"https:\/\/laruellefilms.com\/archives\/#website\",\"url\":\"https:\/\/laruellefilms.com\/archives\/\",\"name\":\"La Ruelle\",\"description\":\"\",\"publisher\":{\"@id\":\"https:\/\/laruellefilms.com\/archives\/#organization\"},\"potentialAction\":[{\"@type\":\"SearchAction\",\"target\":{\"@type\":\"EntryPoint\",\"urlTemplate\":\"https:\/\/laruellefilms.com\/archives\/?s={search_term_string}\"},\"query-input\":{\"@type\":\"PropertyValueSpecification\",\"valueRequired\":true,\"valueName\":\"search_term_string\"}}],\"inLanguage\":\"fr-FR\"},{\"@type\":\"Organization\",\"@id\":\"https:\/\/laruellefilms.com\/archives\/#organization\",\"name\":\"La Ruelle Films\",\"url\":\"https:\/\/laruellefilms.com\/archives\/\",\"logo\":{\"@type\":\"ImageObject\",\"inLanguage\":\"fr-FR\",\"@id\":\"https:\/\/laruellefilms.com\/archives\/#\/schema\/logo\/image\/\",\"url\":\"https:\/\/laruellefilms.com\/archives\/wp-content\/uploads\/Logo_LA_RUELLE_SEUL_NOIRFilm-1.png\",\"contentUrl\":\"https:\/\/laruellefilms.com\/archives\/wp-content\/uploads\/Logo_LA_RUELLE_SEUL_NOIRFilm-1.png\",\"width\":6480,\"height\":2772,\"caption\":\"La Ruelle Films\"},\"image\":{\"@id\":\"https:\/\/laruellefilms.com\/archives\/#\/schema\/logo\/image\/\"},\"sameAs\":[\"https:\/\/www.facebook.com\/laruellefilms\",\"https:\/\/www.youtube.com\/user\/productiondelaruelle\"]}]}<\/script>\n<!-- \/ Yoast SEO plugin. -->","yoast_head_json":{"title":"Je vous salue salope [Blu-Ray] | La Ruelle","description":"Le film documentaire de l'ann\u00e9e, Je vous salue salope de L\u00e9a Clermont-Dion et Guylaine Maroist, est enfin disponible en DVD, Blu-ray et vid\u00e9o sur demande !","robots":{"index":"index","follow":"follow","max-snippet":"max-snippet:-1","max-image-preview":"max-image-preview:large","max-video-preview":"max-video-preview:-1"},"canonical":"https:\/\/laruellefilms.com\/archives\/product\/jvss-blu-ray\/","og_locale":"fr_FR","og_type":"article","og_title":"Je vous salue salope [Blu-Ray] | La Ruelle","og_description":"Le film documentaire de l'ann\u00e9e, Je vous salue salope de L\u00e9a Clermont-Dion et Guylaine Maroist, est enfin disponible en DVD, Blu-ray et vid\u00e9o sur demande !","og_url":"https:\/\/laruellefilms.com\/archives\/product\/jvss-blu-ray\/","og_site_name":"La Ruelle","article_publisher":"https:\/\/www.facebook.com\/laruellefilms","article_modified_time":"2024-10-15T20:56:52+00:00","og_image":[{"width":1080,"height":1080,"url":"https:\/\/laruellefilms.com\/archives\/wp-content\/uploads\/JeVousSalueSalopeFilmBR-1.png","type":"image\/png"}],"twitter_card":"summary_large_image","twitter_misc":{"Dur\u00e9e de lecture estim\u00e9e":"1 minute"},"schema":{"@context":"https:\/\/schema.org","@graph":[{"@type":"WebPage","@id":"https:\/\/laruellefilms.com\/archives\/product\/jvss-blu-ray\/","url":"https:\/\/laruellefilms.com\/archives\/product\/jvss-blu-ray\/","name":"Je vous salue salope [Blu-Ray] | La Ruelle","isPartOf":{"@id":"https:\/\/laruellefilms.com\/archives\/#website"},"primaryImageOfPage":{"@id":"https:\/\/laruellefilms.com\/archives\/product\/jvss-blu-ray\/#primaryimage"},"image":{"@id":"https:\/\/laruellefilms.com\/archives\/product\/jvss-blu-ray\/#primaryimage"},"thumbnailUrl":"https:\/\/laruellefilms.com\/archives\/wp-content\/uploads\/JeVousSalueSalopeFilmBR-1.png","datePublished":"2022-11-16T17:41:04+00:00","dateModified":"2024-10-15T20:56:52+00:00","description":"Le film documentaire de l'ann\u00e9e, Je vous salue salope de L\u00e9a Clermont-Dion et Guylaine Maroist, est enfin disponible en DVD, Blu-ray et vid\u00e9o sur demande !","breadcrumb":{"@id":"https:\/\/laruellefilms.com\/archives\/product\/jvss-blu-ray\/#breadcrumb"},"inLanguage":"fr-FR","potentialAction":[{"@type":"ReadAction","target":["https:\/\/laruellefilms.com\/archives\/product\/jvss-blu-ray\/"]}]},{"@type":"ImageObject","inLanguage":"fr-FR","@id":"https:\/\/laruellefilms.com\/archives\/product\/jvss-blu-ray\/#primaryimage","url":"https:\/\/laruellefilms.com\/archives\/wp-content\/uploads\/JeVousSalueSalopeFilmBR-1.png","contentUrl":"https:\/\/laruellefilms.com\/archives\/wp-content\/uploads\/JeVousSalueSalopeFilmBR-1.png","width":1080,"height":1080,"caption":"Je vous salue salope, le film"},{"@type":"BreadcrumbList","@id":"https:\/\/laruellefilms.com\/archives\/product\/jvss-blu-ray\/#breadcrumb","itemListElement":[{"@type":"ListItem","position":1,"name":"Home","item":"https:\/\/laruellefilms.com\/archives\/"},{"@type":"ListItem","position":2,"name":"Boutique","item":"https:\/\/laruellefilms.com\/archives\/boutique\/"},{"@type":"ListItem","position":3,"name":"Je vous salue salope [Blu-Ray]"}]},{"@type":"WebSite","@id":"https:\/\/laruellefilms.com\/archives\/#website","url":"https:\/\/laruellefilms.com\/archives\/","name":"La Ruelle","description":"","publisher":{"@id":"https:\/\/laruellefilms.com\/archives\/#organization"},"potentialAction":[{"@type":"SearchAction","target":{"@type":"EntryPoint","urlTemplate":"https:\/\/laruellefilms.com\/archives\/?s={search_term_string}"},"query-input":{"@type":"PropertyValueSpecification","valueRequired":true,"valueName":"search_term_string"}}],"inLanguage":"fr-FR"},{"@type":"Organization","@id":"https:\/\/laruellefilms.com\/archives\/#organization","name":"La Ruelle Films","url":"https:\/\/laruellefilms.com\/archives\/","logo":{"@type":"ImageObject","inLanguage":"fr-FR","@id":"https:\/\/laruellefilms.com\/archives\/#\/schema\/logo\/image\/","url":"https:\/\/laruellefilms.com\/archives\/wp-content\/uploads\/Logo_LA_RUELLE_SEUL_NOIRFilm-1.png","contentUrl":"https:\/\/laruellefilms.com\/archives\/wp-content\/uploads\/Logo_LA_RUELLE_SEUL_NOIRFilm-1.png","width":6480,"height":2772,"caption":"La Ruelle Films"},"image":{"@id":"https:\/\/laruellefilms.com\/archives\/#\/schema\/logo\/image\/"},"sameAs":["https:\/\/www.facebook.com\/laruellefilms","https:\/\/www.youtube.com\/user\/productiondelaruelle"]}]}},"_links":{"self":[{"href":"https:\/\/laruellefilms.com\/archives\/wp-json\/wp\/v2\/product\/9019","targetHints":{"allow":["GET"]}}],"collection":[{"href":"https:\/\/laruellefilms.com\/archives\/wp-json\/wp\/v2\/product"}],"about":[{"href":"https:\/\/laruellefilms.com\/archives\/wp-json\/wp\/v2\/types\/product"}],"version-history":[{"count":32,"href":"https:\/\/laruellefilms.com\/archives\/wp-json\/wp\/v2\/product\/9019\/revisions"}],"predecessor-version":[{"id":10254,"href":"https:\/\/laruellefilms.com\/archives\/wp-json\/wp\/v2\/product\/9019\/revisions\/10254"}],"wp:featuredmedia":[{"embeddable":true,"href":"https:\/\/laruellefilms.com\/archives\/wp-json\/wp\/v2\/media\/9734"}],"wp:attachment":[{"href":"https:\/\/laruellefilms.com\/archives\/wp-json\/wp\/v2\/media?parent=9019"}],"wp:term":[{"taxonomy":"product_brand","embeddable":true,"href":"https:\/\/laruellefilms.com\/archives\/wp-json\/wp\/v2\/product_brand?post=9019"},{"taxonomy":"product_cat","embeddable":true,"href":"https:\/\/laruellefilms.com\/archives\/wp-json\/wp\/v2\/product_cat?post=9019"},{"taxonomy":"product_tag","embeddable":true,"href":"https:\/\/laruellefilms.com\/archives\/wp-json\/wp\/v2\/product_tag?post=9019"}],"curies":[{"name":"wp","href":"https:\/\/api.w.org\/{rel}","templated":true}]}}